, 106 = j - y - 2*y. What is the units digit of j?
3
Let g(z) = -28*z**3 - 18*z**2 + 9*z - 7. What is the thousands digit of g(-5)?
2
Let c be (-107)/7 - 14/(-49). Let m be 116/10 + (-6)/c. What is the units digit of m/54 + (-302)/(-18)?
7
Let f = 230 - 82. What is the hundreds digit of f?
1
Let v(u) = 6*u**2 + 23*u + 17. What is the units digit of v(-10)?
7
Let v(m) = m + 9. Let s be v(-11). What is the units digit of -16*(-4)/s*-1?
2
Let u(g) = g**3 - 2*g**2 - 4*g - 2. Let s(k) = -k**2 + 2*k + 1. Let o be s(-1). Let c be u(o). Let w = 13 + c. What is the units digit of w?
3
Let n be (2/4)/(6/(-36)). Let p = -3 - n. What is the tens digit of (-1 - 2) + p + 16?
1
What is the tens digit of 378 + ((-10)/4 - (-3)/(-6))?
7
Suppose -584 = -2*w + 18*q - 22*q, 5*q + 5 = 0. What is the hundreds digit of w?
2
Suppose -343 = -4*q + 57. Let m = q + -28. What is the tens digit of m?
7
Let x(y) = -y**3 + y + 84. Let b be x(0). Suppose 5*s + 51 = -b. What is the units digit of (s/15)/(6/(-20))?
6
Let p(t) = -2*t**3 - 6*t**2 - t + 1. Let y be 1 + 26/((-6)/3). Let s be (-51)/12 - 3/y. What is the tens digit of p(s)?
3
Suppose -n - m = -5*n + 3, 0 = -3*n - 5*m - 15. Suppose n = -3*u + 338 - 2. What is the hundreds digit of u?
1
Let u be 0/3 + 39/3. What is the units digit of -1*(3 + -5) + u?
5
Suppose 0 = 5*f - 7 - 8. Suppose -3*z - 18 = f*s + 6, -2*s = -3*z - 14. What is the tens digit of (-136)/z + 2/6?
2
What is the tens digit of (-4)/16*-3 + 10407/12?
6
Let g be (-6)/(-30) + 2/(-10). Suppose g = k - 3*j - 71, 5*k - 435 = -0*k - 5*j. What is the units digit of k?
3
Suppose -4 = -3*f + 2. Let c(u) = 3*u + u**f - 5 - 7*u + 3. What is the tens digit of c(-4)?
3
Let b = -772 + 428. Let d = -198 - b. What is the units digit of d?
6
Let a = 6 + -15. Let u = a - -14. Suppose -72 = l - u*l. What is the tens digit of l?
1
Let b(z) = 10*z**2 + 2*z + 2. Let m = 12 + -10. Let j = m - 4. What is the tens digit of b(j)?
3
Let f be (-3519)/(-45) - 2/10. Let s = -35 + f. Let r = -9 + s. What is the units digit of r?
4
Suppose 0 = 3*r + j - 75, -3*r + 3 = 5*j - 84. What is the units digit of r?
4
Suppose -3*h = 15, 0 = -3*x + 3*h - 2*h + 14. Suppose 5*u - 2*u - o - 285 = 0, -x*o = 9. What is the units digit of u?
4
Let m(s) = 3*s**2 - s - 2. Let d be m(-1). Suppose -d*a - 2*p + 202 = 0, 3*a - 2*p = 274 + 19. What is the units digit of a?
9
Let r(o) be the third derivative of o**6/120 - o**5/12 + 5*o**4/24 + 7*o**3/6 + 19*o**2. What is the tens digit of r(5)?
3
What is the hundreds digit of 11352/352*(0 + 4)?
1
Let r = 187 - 264. Let j = r + 127. What is the tens digit of j?
5
Let r(t) = 2*t. Let l(b) = -21*b + 4. Let c(i) = -l(i) - 6*r(i). What is the tens digit of c(8)?
6
Suppose -24*n - 27596 + 131828 = 0. What is the hundreds digit of n?
3
Suppose -2*a = -2*z - 7200, 760 + 10080 = 3*a + 5*z. What is the tens digit of 1/(-9) - a/(-45)?
8
Suppose -22*k + 40*k = 8802. What is the tens digit of k?
8
Let y(u) = -9*u + 45. Let c be y(5). Suppose 0 = 4*d - 3*r - 0*r - 354, 3*d - r - 263 = c. What is the tens digit of d?
8
Let i = 294 + -71. Suppose 517 = 10*r - i. What is the units digit of r?
4
Let k(d) = 30*d**2 + 13*d + 7. What is the units digit of k(-5)?
2
Let f(d) = 1. Let b(q) = 7*q + 6. Let y(c) = -b(c) - 6*f(c). What is the units digit of y(-3)?
9
Let y(k) = k**3 + 9*k**2 + k + 19. Let j be (1 + -7)*(-60)/(-40). What is the tens digit of y(j)?
1
Suppose 0 = 2*r - r - 2. Let h be r/3 + 8/(-12). Suppose 0 = -2*g + 3*g - 4, h = -2*f + 5*g + 6. What is the units digit of f?
3
Let v = 4074 + -2597. What is the thousands digit of v?
1
Let m(c) = 40*c + 2. Let k(g) = 86*g + 4. Let i(x) = x. Let y(b) = 5*i(b) - k(b). Let t(n) = -9*m(n) - 4*y(n). What is the tens digit of t(-2)?
7
Let t = 263 - 81. What is the units digit of t?
2
What is the hundreds digit of (2417/3)/(-8 + (-100)/(-12))?
4
Suppose -48 - 636 = -3*p. Let u = p - 69. What is the units digit of u?
9
Let j be 136/6 + 20/15. Suppose 0*n - j = -4*n. What is the tens digit of 20/n*(-2 - -5)?
1
Let p(r) = -r**3 + 9*r**2 - 14*r + 11. What is the units digit of p(5)?
1
Let b be (-490)/(-7) + -1 + -1. Let o(q) = -2*q**2 - 6*q - 4. Let r be o(-5). Let u = b + r. What is the tens digit of u?
4
Suppose -8 = -4*g - 4. Let v be 3/(g - 11/8). What is the tens digit of (-10)/(((-2)/v)/(-1))?
4
Suppose -2*t - 4*u + 978 = 0, -3*t - u + 961 = -516. What is the tens digit of t?
9
Let y(n) be the third derivative of -n**6/120 - n**5/10 - n**4/12 + 2*n**3/3 - 11*n**2. What is the tens digit of y(-6)?
1
Suppose 2*u - 4753 = -3*k, -8*u + 4756 = 3*k - 9*u. What is the units digit of k?
5
Let q(z) = -8*z**2 - 5*z - 4. Let v(u) = -10*u - 9*u**2 + 5*u + 0*u**2 - 5. Let g(k) = -7*q(k) + 6*v(k). What is the tens digit of g(-5)?
2
Let s = 7 + 158. Suppose -s = 2*a - 3*a. Suppose -3*w = 2*w - a. What is the tens digit of w?
3
Let c = 210 + -153. What is the tens digit of c?
5
Let x(o) = 38*o**2 + 15*o + 54. What is the hundreds digit of x(-4)?
6
Let j be 4/(-18) + (-60)/(-27). Suppose 6 = 3*n, h - 116 + 34 = j*n. Suppose o + 3*s = -o + h, 8 = 4*s. What is the tens digit of o?
4
Suppose 25*n + 33669 = 143569. What is the thousands digit of n?
4
Let s = 1244 + 2494. What is the thousands digit of s?
3
Suppose -7 = -3*d - b, -d + b - 11 = -5*d. Suppose d*x - 9*x + 570 = 0. What is the units digit of x?
4
Let g be 3/(-1) - -48 - 3. Suppose 0 = w + 3, -4*w - 10 - 2 = 5*o. Suppose -u + g = 5*j - o*u, u = 4*j - 30. What is the units digit of j?
8
Suppose -27 + 11 = -4*p, 3*p = 4*d - 3264. What is the units digit of d?
9
Let g be (-4)/1*(-8 + 0). Let d = 36 - g. Suppose -2*k - 26 = -d*k. What is the units digit of k?
3
Let k = -9 + 13. Let b be -2 - (-360)/16*(-6)/(-9). Let z = b - k. What is the units digit of z?
9
Let v(q) = q - 5. Let u be v(13). Let g = 6 + -4. Suppose -4*o + u = 0, g*o = 5*s - o - 34. What is the units digit of s?
8
Let j(i) = -14*i**2 + i. Let k be j(-1). Let o = k + 18. Suppose s + 4*g - 70 = -s, -2*g + 113 = o*s. What is the tens digit of s?
3
Suppose 0 = -4*g + 8*g - 20. Suppose -g*q = 5*c - 150, 0*q - q + 38 = 5*c. Suppose n - q = -n. What is the units digit of n?
4
Let i(h) = -h**2 - 7*h - 9. Let p be i(-6). Let m be (7/(-2) + p)*-16. Suppose 52 = y - 0*c + c, -2*y + m = 3*c. What is the units digit of y?
2
Suppose -51*h + 133095 + 5982 = 0. What is the tens digit of h?
2
Suppose 3*s - 1125 = 4*d, -9*s + 4*s - d + 1898 = 0. What is the hundreds digit of s?
3
Let l(r) = -2 + 6 - 25*r - 6*r - 3. Let j be l(-3). Suppose -2 = -2*c + j. What is the tens digit of c?
4
Let m = 395 + -454. Let i = -49 - -18. Let v = i - m. What is the tens digit of v?
2
Let x be (-1501)/(-5) + 9/(-45). Suppose 18*k = 20*k - x. What is the tens digit of k?
5
Let v(n) = 6*n - 11. Let o(t) = 2*t**2 + t - 3. Let y be o(-3). What is the tens digit of v(y)?
6
Let m be (16/(-6))/((-4)/6). Let o be -3 + (-3)/((-4)/m). Suppose 4 = t + 4*q, -5*t + 0*q + 5*q + 95 = o. What is the tens digit of t?
1
Let g be 6/16*56/7. Suppose -g*t = -7*t + 256. What is the units digit of t?
4
Let q(v) = 4*v + 5. Let n be q(5). Let x(c) = 13*c - n - 20*c + 19*c. What is the tens digit of x(8)?
7
Suppose 0*j = -3*j + 18. Let g be (-1)/j + (-4)/(-24). What is the units digit of (2 - 0 - -7) + g?
9
Let i = 36 + -22. Suppose -b - 2*w - 4 = 0, 3*b + b - i = 2*w. Suppose 4*x - b = 6. What is the units digit of x?
2
Suppose 3*y - 5*p - 101 = 0, p - 31 = -y - 0*p. Let o = 29 - y. What is the units digit of (-1 - o)/(2/60)?
0
Let x(l) = 11*l**2. Let q be x(1). Let v = 62 - q. What is the tens digit of v?
5
Suppose 5*m = -m + 570. Suppose 255 - m = 5*p. What is the units digit of p?
2
Let n(s) = -s**3 + 11*s**2 - 14*s - 33. What is the units digit of n(6)?
3
Let r(i) = -113*i + 107. What is the thousands digit of r(-11)?
1
Suppose -3*q - 1 = 2, -2*f = 5*q + 3. Let m be 168/16 - f/2. What is the tens digit of (16/m)/((-22)/(-275))?
2
What is the units digit of (-1*(385 - -1))/(16/(-32))?
2
Let h = 846 + -466. Suppose -15*k = -11*k - h. What is the tens digit of k?
9
Suppose 7*a = 5*a. Suppose a = -13*v + 3*v + 700. What is the tens digit of v?
7
Suppose 1718 = 3*j - n, 5*j + 12*n = 3949 - 1031. What is the units digit of j?
4
What is the hundreds digit of (-2 - -4 - 435)/((-1)/1)?
4
